= -2*v**3 - 21*v**2 - 7*v + 69. Determine z(-10).
39
Let k(c) = -c**2 - 17*c + 33. Calculate k(-15).
63
Let s(q) = 1433*q + 5645. Calculate s(-4).
-87
Let z(l) = 411*l + 32892. Determine z(-80).
12
Let g(n) = -18*n**2 + 14*n - 197. What is g(6)?
-761
Let a(t) = -15*t + 69. Give a(-4).
129
Let g(h) = -36*h + 570. Give g(17).
-42
Let f(a) = -552*a + 5513. Determine f(10).
-7
Let d(y) = -288*y + 1119. What is d(4)?
-33
Let b(z) = 2*z**2 + 16*z - 38. Give b(-10).
2
Let y(k) = k**3 + 13*k**2 - 12*k - 31. Give y(-13).
125
Let a(s) = 16*s**2 + 218*s + 66. Determine a(-14).
150
Let k(a) = -a**2 + 37*a - 159. Determine k(31).
27
Let s(q) = -610*q + 18917. Determine s(31).
7
Let j(m) = -2*m**3 + 2*m**2 - 2. Give j(1).
-2
Let f(j) = j**3 + 43*j**2 + 40*j - 200. Give f(-42).
-116
Let r(x) = -x**3 + 19*x**2 + 51*x - 1416. Calculate r(16).
168
Let c(l) = l**3 + 16*l**2 + 3*l - 15. Calculate c(-15).
165
Let n(p) = -4*p**3 - 23*p**2 - 15*p - 13. Give n(-5).
-13
Let t(s) = 3*s**3 - 13*s**2 + 34. Give t(4).
18
Let a(u) = -u**3 + 22*u**2 - 3*u - 350. Calculate a(21).
28
Let k(i) = -i**2 + 73*i + 3357. Give k(105).
-3
Let u(j) = 105*j - 110. Calculate u(1).
-5
Let t(u) = 3*u**3 - 17*u**2 - 55*u - 18. Calculate t(-5).
-543
Let g(q) = -116*q + 34. Give g(1).
-82
Let d(m) = 58*m - 7179. Calculate d(115).
-509
Let q(r) = 176*r + 3897. Give q(-21).
201
Let g(c) = -4963*c + 193565. Calculate g(39).
8
Let h(n) = 599*n + 1200. What is h(-2)?
2
Let y(n) = 152*n - 1143. Calculate y(7).
-79
Let i(h) = h**2 + 2163*h + 10806. Give i(-5).
16
Let w(q) = q**3 + 4*q**2 + 10*q + 51. Calculate w(-6).
-81
Let o(g) = g**3 - 3*g**2 + 7*g + 1. Determine o(0).
1
Let q(d) = -63*d + 902. Calculate q(15).
-43
Let j(s) = s**3 + 15*s**2 + 10*s - 10. Give j(-14).
46
Let m(u) = -u + 99. Determine m(16).
83
Let c(o) = o**2 - 7*o - 272. Determine c(18).
-74
Let k(o) = -6*o**2 - 53*o + 30. Calculate k(-9).
21
Let v(j) = -j**2 + 165*j + 668. What is v(-4)?
-8
Let z(v) = -v**3 - 24*v**2 + 33*v - 484. Give z(-26).
10
Let c(j) = 161*j + 2255. What is c(-14)?
1
Let j(q) = 19*q - 199. Determine j(14).
67
Let z(p) = -98*p + 13. What is z(2)?
-183
Let g(p) = 14*p**2 - 5*p - 28. Determine g(-4).
216
Let g(p) = -56*p - 1088. What is g(-21)?
88
Let m(k) = -276*k - 1542. What is m(-3)?
-714
Let v(z) = -253*z - 6958. Calculate v(-28).
126
Let i(k) = k**2 - 66*k + 1140. Give i(38).
76
Let d(t) = t**2 + 16*t + 43. Determine d(-12).
-5
Let p(z) = 224*z + 241. Determine p(-3).
-431
Let k(f) = 120*f + 312. Determine k(-3).
-48
Let d(f) = 48*f + 1647. What is d(-34)?
15
Let a(x) = -43*x - 1470. Calculate a(-34).
-8
Let a(u) = u**2 + 234*u + 1372. Calculate a(-228).
4
Let z(l) = l**2 - l - 125. Determine z(-14).
85
Let x(t) = 218*t + 111. Determine x(-1).
-107
Let w(x) = -135*x + 4857. Calculate w(36).
-3
Let m(q) = q**3 - 75*q**2 + 76*q - 238. Determine m(74).
-90
Let d(p) = p**3 + 8*p**2 - 17*p - 164. What is d(-7)?
4
Let k(l) = l**2 - 19*l - 12. Calculate k(20).
8
Let s(n) = 9*n**2 + 23*n - 21. Give s(4).
215
Let m(z) = z**2 - 64*z - 92. What is m(67)?
109
Let a(m) = -12*m + 527. Calculate a(42).
23
Let w(y) = -21*y**2 + 12*y + 29. Calculate w(-3).
-196
Let v(c) = -18*c**3 + 4*c**2 - 4*c + 4. Give v(2).
-132
Let l(n) = 27*n - 349. What is l(13)?
2
Let h(u) = -u**3 + 5*u**2 + 9*u + 40. Calculate h(7).
5
Let x(c) = 2*c**2 + 58*c + 154. Determine x(-26).
-2
Let y(o) = o**3 + 10*o**2 - 49*o + 95. Calculate y(-14).
-3
Let b(p) = -151*p**3 + 8*p**2 - 7*p. Calculate b(1).
-150
Let n(y) = -y**3 + 10*y**2 + 5*y - 28. What is n(7)?
154
Let h(r) = 134*r**2 - 934*r + 11. Calculate h(7).
39
Let f(l) = -1635*l - 13103. Calculate f(-8).
-23
Let w(t) = t**3 + 6*t**2 + 15*t + 58. Give w(-7).
-96
Let v(u) = -135*u - 251. What is v(-2)?
19
Let c(l) = 7*l**2 - 713*l - 30. Calculate c(102).
72
Let l(v) = 2*v**2 + 6*v + 1. Calculate l(1).
9
Let f(p) = -2*p**3 - 7*p**2 + 9*p - 10. Calculate f(-6).
116
Let x(i) = -22*i**2 - 69*i - 63. What is x(-7)?
-658
Let z(t) = -t**3 - 9*t**2 + 27*t + 32. Give z(-11).
-23
Let t(f) = f**3 - 14*f**2 - 1. Calculate t(14).
-1
Let g(r) = -r**2 - 380*r - 1873. Determine g(-5).
2
Let u(m) = -2*m**3 - 4*m**2 + 6*m + 2. What is u(-6)?
254
Let p(k) = k - 67. What is p(71)?
4
Let m(r) = 289*r - 1164. What is m(4)?
-8
Let v(a) = 38*a**3 + 23*a**2 + 8*a + 13. Calculate v(-1).
-10
Let u(v) = 19*v - 159. What is u(0)?
-159
Let a(f) = -1697*f + 86547. What is a(51)?
0
Let r(b) = -37*b**3 - 3*b**2 - 71*b + 74. Determine r(1).
-37
Let p(f) = f**2 - 69*f + 1125. What is p(38)?
-53
Let v(t) = 307*t - 765. Give v(6).
1077
Let b(z) = -3*z**3 + 29*z**2 - 7*z + 184. Determine b(10).
14
Let p(f) = -997*f - 107685. What is p(-108)?
-9
Let n(j) = -2*j**2 + 11*j - 5. Determine n(6).
-11
Let o(z) = 60*z + 29. Determine o(-5).
-271
Let d(k) = k**3 - 20*k**2 - 76*k + 171. Calculate d(23).
10
Let g(b) = -9*b**2 - 134*b - 80. Give g(-14).
32
Let p(f) = -803*f - 52224. Determine p(-65).
-29
Let n(u) = -4*u**2 + 16*u + 17. Calculate n(-5).
-163
Let r(s) = 153*s + 95. Calculate r(-2).
-211
Let b(w) = -w**3 + 18*w**2 + 2*w - 34. Determine b(18).
2
Let j(t) = -114*t**3 + t**2 + 7*t + 5. Determine j(-1).
113
Let t(u) = -u**3 + 163*u**2 + 8*u - 1313. Calculate t(163).
-9
Let j(f) = 9*f - 69. Give j(13).
48
Let b(i) = -35*i - 260. Give b(-7).
-15
Let v(y) = 9*y**2 + 57*y - 8. What is v(-6)?
-26
Let a(n) = 21*n + 376. Give a(-12).
124
Let n(d) = -93*d**2 - 6*d + 50. Determine n(0).
50
Let v(n) = -407*n - 5780. Give v(-14).
-82
Let p(n) = -31*n**2 - 564*n - 116. What is p(-18)?
-8
Let g(o) = -o**2 + 13*o + 110. What is g(-6)?
-4
Let j(t) = -7828*t - 54804. What is j(-7)?
-8
Let l(b) = -3*b**2 + b + 76. What is l(-8)?
-124
Let c(t) = 2*t**3 - 3*t**2 - 16*t + 9. What is c(5)?
104
Let p(n) = -98*n**2 + 29008*n - 34. What is p(296)?
-34
Let a(z) = z**3 - 7*z**2 - 9*z + 34. Give a(5).
-61
Let u(o) = o**3 - 170*o**2 + 334*o + 310. What is u(168)?
-26
Let a(b) = -2*b**2 - 22*b + 83. Give a(3).
-1
Let w(c) = -2*c**2 - 22*c - 56. Determine w(-13).
-108
Let o(x) = 14*x - 11. Give o(0).
-11
Let o(j) = 11*j**2 - 8*j + 4. What is o(-1)?
23
Let u(m) = 4*m + 365. What is u(-25)?
265
Let y(u) = 509*u - 32591. What is y(64)?
-15
Let y(r) = 335*r - 977. Determine y(4).
363
Let t(g) = 3*g**2 - 63*g + 21. Give t(21).
21
Let r(o) = 66*o - 3886. What is r(59)?
8
Let y(n) = 5*n**2 - 625*n - 626. Determine y(-1).
4
Let m(y) = -32*y - 2326. Calculate m(-77).
138
Let b(s) = 2*s**3 + 7*s**2 - 4*s + 2. Calculate b(-4).
2
Let x(d) = -3*d**2 - 8*d + 46. Give x(-7).
-45
Let x(j) = j**3 + 73*j**2 + 77*j + 359. Determine x(-72).
-1
Let l(g) = g**3 + 21*g**2 - 30*g - 203. What is l(-22)?
-27
Let a(c) = -c**2 - 33*c + 109. Calculate a(-36).
1
Let j(b) = -5*b**2 + 31*b - 128. Give j(5).
-98
Let b(o) = o**3 + 5*o + 12. Give b(-2).
-6
Let s(u) = 4*u**2 - 33*u + 17. What is s(9)?
44
Let t(y) = -y**3 - 25*y**2 - 98*y + 6. Calculate t(-16).
-730
Let m(v) = -1106*v - 12174. What is m(-11)?
-8
Let p(n) = -5*n**3 - 26*n**2 + 58*n - 3. Calculate p(2).
-31
Let t(f) = 2*f**3 - 11*f**2 - 45*f + 246. Give t(7).
78
Let u(l) = l**2 - 60*l - 733. Give u(-10).
-33
Let l(c) = -c**3 - 17*c**2 + 136*c - 49. Determine l(-23).
-3
Let j(q) = q**2 + 3*q - 4. Calculate j(7).
66
Let l(q) = -3*q**3 + 60*q**2 - 16*q + 17. Determine l(20).
-303
Let s(n) = 22*n**2 - 290*n + 24. What is s(14)?
276
Let k(z) = -28*z - 890. Calculate k(-31).
-22
Let o(s) = -2*s**3 - 69*s**2 - 96*s + 82. Calculate o(-33).
-17
Let v(c) = -c**3 + 11*c**2 + 87*c - 81. What is v(-6)?
9
Let g(z) = z**3 - 13*z**2 - 4*z + 174. Give g(12).
-18
Let y(u) = -703*u - 13365. Give y(-19).
-8
Let g(d) = -9*d**2 - 21*d + 10. What is g(3)?
-134
Let m(z) = 785*z + 769. Give m(-1).
-16
Let z(c) = 204*c - 2865. Determine z(15).
195
Let z(i) = -2*i**3 - i**2 + 19*i + 22. What is z(-1)?
4
Let v(z) = -3*z**2 - 53*z - 3. Calculate v(0).
-3
Let h(z) = 3*z**3 - 509*z**2 + 246*z + 15548. Calculate h(169).
0
Let u(t) = 2*t**2 + 3*t - 7743. What is u(-63)?
6
Let l(o) = o**3 + 28*o**2 + 55*o - 96. Determine l(-26).
-174
Let z(u) = -2*u**3 - 42*u**2 - 72*u + 44. What is z(-19)?
-32
Let l(n) = n**3 + 7*n**2 - 36*n - 1. Give l(-9).
161
Let c(o) = -o**2 - 17*o - 18. Calculate c(-11).
48
Let b(j) = j**2 + 41*j - 34. Calculate b(-42).
8
Let o(l) = 49*l - 75.